{"id":276,"date":"2011-04-13T23:04:36","date_gmt":"2011-04-13T23:04:36","guid":{"rendered":"http:\/\/aperpette.com\/web\/?page_id=276"},"modified":"2026-01-15T12:50:02","modified_gmt":"2026-01-15T10:50:02","slug":"la-sardine-clown","status":"publish","type":"page","link":"https:\/\/www.ciedacote.com\/web\/la-sardine-clown\/","title":{"rendered":"Clown"},"content":{"rendered":"<div class=\"fcbkbttn_buttons_block\" id=\"fcbkbttn_left\"><div class=\"fb-share-button  \" data-href=\"https:\/\/www.ciedacote.com\/web\/la-sardine-clown\/\" data-type=\"button_count\" data-size=\"small\"><\/div><\/div><h2 style=\"text-align: left;\"><span style=\"color: #800000;\"><strong><span style=\"font-size: large; font-family: book antiqua,palatino;\"><a href=\"http:\/\/www.ciedacote.com\/web\/wp-content\/uploads\/2011\/04\/33432_1512752576546_1166358087_1469646_1307283_n1.jpg\"><img decoding=\"async\" class=\"alignleft size-thumbnail wp-image-683\" title=\"33432_1512752576546_1166358087_1469646_1307283_n\" src=\"http:\/\/www.ciedacote.com\/web\/wp-content\/uploads\/2011\/04\/33432_1512752576546_1166358087_1469646_1307283_n1-150x150.jpg\" alt=\"\" width=\"150\" height=\"150\" \/><\/a><\/span><\/strong><\/span>La Sardine<\/h2>\n<h4 style=\"text-align: left;\">Improvisation clown<\/h4>\n<p style=\"text-align: justify;\"><span style=\"font-size: 14pt;\"> La Sardine aime se montrer mais n&#8217;aime pas \u00eatre vue&#8230;elle balance, h\u00e9site, devient tour \u00e0 tour dompteuse d&#8217;objets, chanteuse par hasard et danseuse par erreur.<\/span><\/p>\n<p style=\"text-align: justify;\"><span style=\"font-size: 14pt;\">Elle s&#8217;agite, s&#8217;emm\u00eale, tombe, se rel\u00e8ve&#8230;\u00e9choue souvent&#8230;y arrive parfois&#8230;et nous offre un monde \u00e0 rayures plein de tendresse&#8230; et de po\u00e9sie<\/span><\/p>\nngg_shortcode_0_placeholder\n<p style=\"text-align: left;\">\u00a0<\/p>\n<h2 style=\"text-align: left;\">Les P&#8217;tits Bonheurs<a href=\"http:\/\/www.ciedacote.com\/web\/wp-content\/uploads\/2011\/04\/Copie-de-CLOWN-19-copie-2-site.jpg\"><img fetchpriority=\"high\" decoding=\"async\" class=\"alignleft\" title=\"Copie de CLOWN 19 copie (2) site\" src=\"http:\/\/www.ciedacote.com\/web\/wp-content\/uploads\/2011\/04\/Copie-de-CLOWN-19-copie-2-site-199x300.jpg\" alt=\"\" width=\"199\" height=\"300\" \/><\/a><\/h2>\n<h4>Improvisation\u00a0 clown<\/h4>\n<p><span style=\"font-size: 14pt;\">La Sardine et Mademoiselle Olga offrent des p&#8217;tits bonheurs gratuits au hasard de leurs rencontres&#8230;Un tour en barque, un po\u00e8me, un m\u00e9nage de printemps ou un p&#8217;tit coin d&#8217;parapluie&#8230;leurs p&#8217;tits bonheurs sont des instants fragiles et fugaces de rire et\u00a0 d&#8217;\u00e9motion partag\u00e9e&#8230;<\/span><\/p>\n<p style=\"text-align: left;\"><a href=\"http:\/\/www.ciedacote.com\/web\/wp-content\/uploads\/2011\/04\/CLOWN-5-copie1.jpg\"><img decoding=\"async\" class=\"alignleft size-thumbnail wp-image-690\" title=\"CLOWN 5 copie\" src=\"http:\/\/www.ciedacote.com\/web\/wp-content\/uploads\/2011\/04\/CLOWN-5-copie1-150x150.jpg\" alt=\"\" width=\"150\" height=\"150\" \/><\/a><a href=\"http:\/\/www.ciedacote.com\/web\/wp-content\/uploads\/2011\/04\/CLOWN-18-copie1.jpg\"><img loading=\"lazy\" decoding=\"async\" class=\"alignleft\" title=\"CLOWN 18 copie\" src=\"http:\/\/www.ciedacote.com\/web\/wp-content\/uploads\/2011\/04\/CLOWN-18-copie1-150x150.jpg\" alt=\"\" width=\"150\" height=\"150\" \/><\/a><a href=\"http:\/\/www.ciedacote.com\/web\/wp-content\/uploads\/2011\/04\/CLOWN-11-copie2.jpg\"><img loading=\"lazy\" decoding=\"async\" class=\"size-thumbnail wp-image-697 alignleft\" title=\"CLOWN 11 copie\" src=\"http:\/\/www.ciedacote.com\/web\/wp-content\/uploads\/2011\/04\/CLOWN-11-copie2-150x150.jpg\" alt=\"\" width=\"150\" height=\"150\" \/><\/a><\/p>\n","protected":false},"excerpt":{"rendered":"<p>La Sardine Improvisation clown La Sardine aime se montrer mais n&#8217;aime pas \u00eatre vue&#8230;elle balance, h\u00e9site, devient tour \u00e0 tour dompteuse d&#8217;objets, chanteuse par hasard et danseuse par erreur. Elle s&#8217;agite, s&#8217;emm\u00eale, tombe, se rel\u00e8ve&#8230;\u00e9choue souvent&#8230;y arrive parfois&#8230;et nous offre un monde \u00e0 rayures plein de tendresse&#8230; et de po\u00e9sie \u00a0 Les P&#8217;tits Bonheurs Improvisation\u00a0 [&hellip;]<\/p>\n","protected":false},"author":1,"featured_media":0,"parent":0,"menu_order":8,"comment_status":"closed","ping_status":"closed","template":"","meta":{"ngg_post_thumbnail":0,"footnotes":""},"class_list":["post-276","page","type-page","status-publish","hentry"],"aioseo_notices":[],"_links":{"self":[{"href":"https:\/\/www.ciedacote.com\/web\/wp-json\/wp\/v2\/pages\/276","targetHints":{"allow":["GET"]}}],"collection":[{"href":"https:\/\/www.ciedacote.com\/web\/wp-json\/wp\/v2\/pages"}],"about":[{"href":"https:\/\/www.ciedacote.com\/web\/wp-json\/wp\/v2\/types\/page"}],"author":[{"embeddable":true,"href":"https:\/\/www.ciedacote.com\/web\/wp-json\/wp\/v2\/users\/1"}],"replies":[{"embeddable":true,"href":"https:\/\/www.ciedacote.com\/web\/wp-json\/wp\/v2\/comments?post=276"}],"version-history":[{"count":27,"href":"https:\/\/www.ciedacote.com\/web\/wp-json\/wp\/v2\/pages\/276\/revisions"}],"predecessor-version":[{"id":2973,"href":"https:\/\/www.ciedacote.com\/web\/wp-json\/wp\/v2\/pages\/276\/revisions\/2973"}],"wp:attachment":[{"href":"https:\/\/www.ciedacote.com\/web\/wp-json\/wp\/v2\/media?parent=276"}],"curies":[{"name":"wp","href":"https:\/\/api.w.org\/{rel}","templated":true}]}}